
216
What is the greatest common factor of 1768 and 204?
68
What is the greatest common divisor of 86 and 13201?
43
What is the greatest common factor of 9 and 96?
3
What is the greatest common factor of 8445 and 15?
15
What is the highest common divisor of 33 and 99?
33
Calculate the greatest common divisor of 4 and 12148.
4
What is the highest common divisor of 24 and 6096?
24
What is the highest common divisor of 160 and 205?
5
Calculate the greatest common divisor of 1971 and 27.
27
Calculate the greatest common factor of 140 and 1575.
35
What is the highest common divisor of 1335 and 405?
15
Calculate the highest common factor of 14 and 14.
14
What is the greatest common divisor of 80 and 9104?
16
What is the highest common factor of 74124 and 18?
18
What is the highest common factor of 11 and 617?
1
What is the highest common divisor of 267 and 712?
89
What is the greatest common factor of 45 and 15021?
9
Calculate the greatest common factor of 23 and 29762.
23
Calculate the highest common divisor of 35 and 77.
7
Calculate the highest common divisor of 308 and 48.
4
Calculate the highest common factor of 732 and 24.
12
What is the greatest common factor of 6992 and 114?
38
Calculate the highest common factor of 91 and 3241.
7
Calculate the highest common divisor of 21395 and 165.
55
Calculate the greatest common divisor of 1027 and 26.
13
What is the highest common factor of 39 and 15?
3
What is the greatest common divisor of 77 and 35?
7
What is the highest common factor of 2587 and 117?
13
What is the highest common factor of 232 and 174?
58
What is the highest common factor of 708 and 59?
59
Calculate the greatest common factor of 422 and 12027.
211
What is the greatest common factor of 434 and 8897?
217
What is the highest common divisor of 176 and 32?
16
Calculate the greatest common factor of 3047 and 44.
11
Calculate the highest common factor of 3723 and 51.
51
What is the highest common factor of 3 and 14?
1
Calculate the highest common divisor of 20 and 3940.
20
What is the greatest common factor of 1760 and 4048?
176
What is the highest common divisor of 273 and 3939?
39
What is the highest common divisor of 9353 and 423?
47
Calculate the greatest common factor of 2581 and 812.
29
What is the greatest common factor of 312 and 24?
24
Calculate the highest common divisor of 54 and 150.
6
What is the greatest common factor of 2968 and 224?
56
What is the highest common factor of 17 and 7837?
17
What is the highest common divisor of 164084 and 17?
17
What is the highest common factor of 8648 and 322?
46
Calculate the highest common divisor of 11988 and 16.
4
Calculate the greatest common divisor of 2725 and 25.
25
Calculate the highest common divisor of 168 and 525.
21
What is the highest common factor of 14965 and 73?
73
What is the greatest common factor of 118 and 13157?
59
Calculate the greatest common factor of 481 and 37.
37
Calculate the highest common factor of 2356 and 248.
124
Calculate the greatest common divisor of 30 and 3810.
30
Calculate the highest common factor of 98 and 28.
14
What is the highest common factor of 172 and 16?
4
Calculate the greatest common factor of 6858 and 2667.
381
Calculate the greatest common factor of 288 and 9360.
144
What is the highest common factor of 7491 and 33?
33
Calculate the highest common factor of 16 and 20848.
16
What is the greatest common factor of 8 and 760?
8
Calculate the highest common divisor of 1512 and 96.
24
Calculate the greatest common divisor of 2055 and 45.
15
Calculate the highest common divisor of 4 and 68.
4
Calculate the highest common factor of 21 and 15.
3
Calculate the highest common factor of 10 and 410.
10
What is the greatest common divisor of 112 and 40?
8
What is the greatest common factor of 3575 and 165?
55
What is the highest common factor of 93 and 15531?
93
What is the greatest common factor of 5650 and 30?
10
Calculate the highest common divisor of 90 and 126.
18
What is the highest common divisor of 20159 and 19?
19
Calculate the greatest common factor of 3014 and 385.
11
What is the highest common factor of 640 and 190?
10
What is the greatest common factor of 176 and 80?
16
Calculate the highest common divisor of 1702 and 23.
23
What is the highest common factor of 334 and 36239?
167
Calculate the highest common divisor of 86 and 254.
2
What is the greatest common factor of 248 and 1519?
31
Calculate the greatest common factor of 78 and 6.
6
What is the greatest common divisor of 238 and 14?
14
Calculate the greatest common factor of 47 and 94.
47
What is the highest common divisor of 38 and 6?
2
What is the greatest common divisor of 329 and 423?
47
Calculate the highest common divisor of 385 and 35.
35
What is the highest common divisor of 21 and 24?
3
Calculate the greatest common factor of 2842 and 686.
98
What is the highest common factor of 23274 and 54?
54
What is the greatest common divisor of 178 and 3?
1
What is the highest common factor of 149 and 22201?
149
Calculate the highest common divisor of 55 and 770.
55
What is the greatest common factor of 28 and 5348?
28
Calculate the highest common factor of 850 and 150.
50
Calculate the greatest common divisor of 4 and 16.
4
What is the highest common factor of 90 and 126?
18
Calculate the greatest common factor of 2624 and 205.
41
Calculate the greatest common factor of 451 and 984.
41
Calculate the highest common factor of 1161 and 301.
43
What is the highest common divisor of 7210 and 140?
70
What is the greatest common divisor of 2400 and 225?
75
Calculate the highest common factor of 2 and 3158.
2
Calculate the highest common divisor of 16154 and 1182.
394
What is the highest common divisor of 593 and 4?
1
Calculate the greatest common factor of 1719 and 171.
9
Calculate the greatest common factor of 223 and 1.
1
Calculate the highest common divisor of 20 and 460.
20
What is the greatest common factor of 798 and 57?
57
What is the highest common factor of 1155 and 45?
15
Calculate the highest common factor of 99659 and 23.
23
What is the highest common divisor of 880 and 770?
110
What is the greatest common divisor of 15955 and 5?
5
Calculate the highest common divisor of 121 and 6149.
11
Calculate the highest common divisor of 33 and 9537.
33
Calculate the highest common factor of 256 and 96.
32
What is the highest common divisor of 82 and 5986?
82
Calculate the highest common divisor of 274 and 2603.
137
What is the greatest common divisor of 26 and 2938?
26
What is the greatest common divisor of 1909 and 83?
83
What is the highest common factor of 1670 and 20?
10
Calculate the greatest common factor of 96 and 160.
32
What is the greatest common factor of 1020 and 720?
60
What is the greatest common factor of 24 and 90?
6
What is the greatest common factor of 14172 and 24?
12
What is the greatest common factor of 1937 and 4768?
149
Calculate the greatest common factor of 1017 and 2147.
113
Calculate the highest common divisor of 400 and 64.
16
What is the highest common divisor of 62 and 2?
2
What is the highest common factor of 57 and 152?
19
Calculate the greatest common divisor of 40 and 58720.
40
What is the highest common divisor of 39 and 69459?
39
What is the highest common factor of 25 and 1075?
25
What is the greatest common divisor of 6610 and 20?
10
Calculate the greatest common factor of 42 and 210.
42
Calculate the highest common divisor of 9 and 1.
1
Calculate the highest common factor of 128 and 1208.
8
What is the highest common factor of 120 and 192?
24
Calculate the greatest common divisor of 780 and 660.
60
What is the highest common factor of 1 and 2061?
1
What is the greatest common factor of 136157 and 371?
371
What is the highest common divisor of 215 and 80?
5
Calculate the highest common divisor of 594 and 81.
27
What is the greatest common divisor of 324 and 4?
4
What is the highest common divisor of 1407 and 21?
21
What is the highest common divisor of 346 and 14013?
173
Calculate the greatest common factor of 1920 and 2280.
120
Calculate the greatest common divisor of 500 and 4.
4
Calculate the greatest common factor of 11 and 209.
11
Calculate the greatest common divisor of 329 and 47.
47
What is the greatest common factor of 4545 and 1125?
45
Wha